.
277
What is the remainder when 169551 is divided by 11?
8
Calculate the remainder when 211820 is divided by 31.
28
Calculate the remainder when 9658 is divided by 35.
33
Calculate the remainder when 546 is divided by 178.
12
What is the remainder when 14283 is divided by 54?
27
What is the remainder when 3317 is divided by 11?
6
Calculate the remainder when 1256467 is divided by 1108.
1103
Calculate the remainder when 60392 is divided by 28.
24
What is the remainder when 24040 is divided by 4005?
10
Calculate the remainder when 205946 is divided by 205918.
28
Calculate the remainder when 23327 is divided by 4665.
2
What is the remainder when 788343 is divided by 874?
869
Calculate the remainder when 5064 is divided by 17.
15
What is the remainder when 38143 is divided by 12349?
1096
Calculate the remainder when 280 is divided by 7.
0
Calculate the remainder when 377 is divided by 27.
26
Calculate the remainder when 157771 is divided by 146.
91
What is the remainder when 71287 is divided by 584?
39
Calculate the remainder when 2107 is divided by 306.
271
Calculate the remainder when 7948 is divided by 6.
4
Calculate the remainder when 8954 is divided by 2153.
342
What is the remainder when 27301 is divided by 13487?
327
What is the remainder when 20310 is divided by 372?
222
Calculate the remainder when 49922 is divided by 129.
128
What is the remainder when 64731 is divided by 3082?
9
Calculate the remainder when 5890 is divided by 205.
150
What is the remainder when 126427 is divided by 42110?
97
Calculate the remainder when 11012 is divided by 343.
36
What is the remainder when 189298 is divided by 31547?
16
What is the remainder when 26077 is divided by 20?
17
Calculate the remainder when 7334 is divided by 1450.
84
What is the remainder when 3725 is divided by 729?
80
Calculate the remainder when 25723 is divided by 30.
13
Calculate the remainder when 2230 is divided by 123.
16
What is the remainder when 1140 is divided by 60?
0
What is the remainder when 31741 is divided by 31723?
18
Calculate the remainder when 41912 is divided by 21.
17
Calculate the remainder when 5659 is divided by 31.
17
What is the remainder when 2068 is divided by 2059?
9
What is the remainder when 15363 is divided by 113?
108
Calculate the remainder when 17743 is divided by 2750.
1243
Calculate the remainder when 7971 is divided by 105.
96
Calculate the remainder when 2170 is divided by 70.
0
Calculate the remainder when 19291 is divided by 203.
6
What is the remainder when 645032 is divided by 440?
432
Calculate the remainder when 11637 is divided by 343.
318
What is the remainder when 1189 is divided by 218?
99
Calculate the remainder when 418 is divided by 214.
204
Calculate the remainder when 20719 is divided by 27.
10
What is the remainder when 3435 is divided by 21?
12
Calculate the remainder when 19663 is divided by 37.
16
Calculate the remainder when 547 is divided by 204.
139
What is the remainder when 308614 is divided by 346?
328
Calculate the remainder when 423513 is divided by 886.
5
Calculate the remainder when 402588 is divided by 4424.
4
What is the remainder when 12409656 is divided by 461?
458
Calculate the remainder when 1250 is divided by 1183.
67
What is the remainder when 4463 is divided by 63?
53
What is the remainder when 195699 is divided by 569?
532
Calculate the remainder when 14385 is divided by 37.
29
Calculate the remainder when 325459 is divided by 387.
379
Calculate the remainder when 24794 is divided by 55.
44
Calculate the remainder when 287930 is divided by 29.
18
Calculate the remainder when 159959 is divided by 129.
128
What is the remainder when 6065786 is divided by 221?
220
Calculate the remainder when 3623 is divided by 88.
15
What is the remainder when 2182 is divided by 27?
22
Calculate the remainder when 326866 is divided by 27238.
10
What is the remainder when 1037757 is divided by 470?
467
What is the remainder when 22802125 is divided by 43?
42
What is the remainder when 2954 is divided by 466?
158
Calculate the remainder when 436686 is divided by 784.
782
Calculate the remainder when 15898 is divided by 530.
528
Calculate the remainder when 271278 is divided by 15.
3
Calculate the remainder when 8773 is divided by 2044.
597
Calculate the remainder when 3241 is divided by 3154.
87
What is the remainder when 23007 is divided by 173?
171
What is the remainder when 5016 is divided by 279?
273
What is the remainder when 1404 is divided by 130?
104
What is the remainder when 43709 is divided by 186?
185
What is the remainder when 7371 is divided by 772?
423
Calculate the remainder when 5242 is divided by 469.
83
Calculate the remainder when 2211 is divided by 1023.
165
Calculate the remainder when 2071107 is divided by 453.
444
Calculate the remainder when 656 is divided by 262.
132
What is the remainder when 9496 is divided by 52?
32
What is the remainder when 3341 is divided by 263?
185
Calculate the remainder when 64860 is divided by 4632.
12
What is the remainder when 3908 is divided by 540?
128
What is the remainder when 350710 is divided by 26?
22
What is the remainder when 12420 is divided by 300?
120
What is the remainder when 1322 is divided by 253?
57
Calculate the remainder when 13937 is divided by 34.
31
What is the remainder when 23535 is divided by 7845?
0
Calculate the remainder when 63709 is divided by 49.
9
Calculate the remainder when 1063716 is divided by 25.
16
What is the remainder when 1415 is divided by 178?
169
Calculate the remainder when 7116 is divided by 2353.
57
What is the remainder when 760017 is divided by 265?
262
Calculate the remainder when 314710 is divided by 62.
60
What is the remainder when 164200 is divided by 1368?
40
Calculate the remainder when 23644 is divided by 988.
920
Calculate the remainder when 250855 is divided by 74.
69
What is the remainder when 920 is divided by 44?
40
Calculate the remainder when 701120 is divided by 140224.
0
What is the remainder when 941881 is divided by 18?
13
Calculate the remainder when 3051 is divided by 927.
270
What is the remainder when 2028147 is divided by 136?
115
Calculate the remainder when 33828 is divided by 11264.
36
Calculate the remainder when 1245 is divided by 37.
24
What is the remainder when 3053696 is divided by 15?
11
Calculate the remainder when 347436 is divided by 166.
164
What is the remainder when 25057 is divided by 8311?
124
What is the remainder when 28327 is divided by 354?
7
Calculate the remainder when 10172 is divided by 377.
370
Calculate the remainder when 25780 is divided by 461.
425
Calculate the remainder when 14207 is divided by 158.
145
What is the remainder when 61511 is divided by 25?
11
Calculate the remainder when 782 is divided by 520.
262
Calculate the remainder when 1847 is divided by 125.
97
Calculate the remainder when 45032 is divided by 15007.
11
What is the remainder when 3637 is divided by 18?
1
What is the remainder when 582 is divided by 108?
42
What is the remainder when 2387135 is divided by 186?
11
What is the remainder when 9326 is divided by 240?
206
Calculate the remainder when 19709 is divided by 15.
14
What is the remainder when 380607 is divided by 1662?
9
Calculate the remainder when 195170 is divided by 1490.
1470
What is the remainder when 2463 is divided by 429?
318
What is the remainder when 44193 is divided by 87?
84
What is the remainder when 340628 is divided by 157?
95
Calculate the remainder when 185650 is divided by 82.
2
What is the remainder when 948332 is divided by 927?
11
Calculate the remainder when 772 is divided by 553.
219
Calculate the remainder when 284748 is divided by 50.
48
Calculate the remainder when 5112 is divided by 103.
65
What is the remainder when 27778 is divided by 9221?
115
What is the remainder when 1193 is divided by 175?
143
Calculate the remainder when 64920 is divided by 416.
24
What is the remainder when 1043275 is divided by 210?
205
Calculate the remainder when 430163 is divided by 2068.
19
Calculate the remainder when 53786 is divided by 7683.
5
Calculate the remainder when 21288 is divided by 7035.
183
Calculate the remainder when 9520 is divided by 52.
4
What is the remainder when 349575 is divided by 110?
105
Calculate the remaind